d(1).
0
Let m(b) = 2*b**2 - 962*b - 98824. Determine m(-87).
8
Let m(k) = -4*k**2 - 28118*k + 3548127. Determine m(124).
-9
Let d(f) = -f**3 + 297*f**2 - 22060*f + 1200. What is d(149)?
8
Let r(n) = n**3 - 47*n**2 - 106*n + 3051. Calculate r(48).
267
Let y(u) = 101*u**2 - 1425*u + 1272. Determine y(1).
-52
Let x(i) = -6*i**2 - 970*i + 18225. Calculate x(17).
1
Let o(f) = 3672*f**2 + 205633*f + 55. Calculate o(-56).
-1
Let u(c) = -c**3 - 50*c**2 + 102*c - 1072. Determine u(-52).
-968
Let r(w) = 172*w**2 - 6155*w + 45. What is r(36)?
1377
Let u(q) = 10*q**3 - 4*q**2 - 14*q + 1. Determine u(-3).
-263
Let o(f) = -f**2 + 439*f - 134. Calculate o(0).
-134
Let a(o) = 2*o**2 - 334*o - 20296. Give a(214).
-180
Let b(p) = 19800*p**2 + 1088997*p - 132. Give b(-55).
33
Let o(k) = -214*k**2 + 122593*k + 16608. What is o(573)?
-9
Let u(b) = 15*b**3 + 1845*b**2 + 6*b + 736. What is u(-123)?
-2
Let q(l) = 2*l**2 - 5281*l + 404704. Calculate q(79).
-13
Let o(f) = -1176*f + 41161. What is o(35)?
1
Let k(u) = -u**3 + 100*u**2 + 246*u + 80162. Give k(109).
47
Let t(f) = -51529*f + 103214. What is t(2)?
156
Let f(l) = l**3 + 3*l**2 - 358*l + 1436. Calculate f(4).
116
Let j(i) = -30*i**2 + 57*i - 16. Determine j(1).
11
Let z(q) = -2*q**2 + 92*q - 483. Give z(40).
-3
Let k(x) = -270*x**2 + 3344*x - 1274. Determine k(12).
-26
Let d(r) = 2*r**3 - 33*r**2 + 212*r - 1231. Determine d(12).
17
Let c(o) = 17*o**3 + 617*o**2 - 1107*o - 198. Give c(-38).
-8
Let q(j) = -370*j**2 + 3010*j - 208. Determine q(8).
192
Let v(c) = 17140*c + 51686. What is v(-3)?
266
Let w(k) = -3*k**2 - 2215*k - 4421. Give w(-2).
-3
Let j(g) = 944*g - 26444. Determine j(28).
-12
Let h(d) = -d**3 + 253*d**2 + 1446*d - 365838. Determine h(253).
0
Let j(r) = r**3 - 20*r**2 + 4*r + 147. What is j(22)?
1203
Let p(l) = 61*l**2 - 36039*l - 7064. Give p(591).
28
Let z(p) = 4*p**2 + 186*p - 950. Give z(6).
310
Let i(c) = c**3 - 91*c**2 + 103*c - 1010. What is i(90)?
160
Let r(p) = 116181*p - 3833975. Determine r(33).
-2
Let n(u) = 7*u**3 - 5*u**2 - 134*u + 516. Determine n(5).
596
Let m(r) = -30*r**3 + 276*r**2 - 62*r + 425. What is m(9)?
353
Let j(w) = 2*w**2 + 149*w - 7737. Calculate j(43).
2368
Let b(f) = 16*f**2 + 9*f + 761. Calculate b(0).
761
Let d(w) = -106*w**2 + 24*w + 88. Give d(-3).
-938
Let p(n) = -5*n**3 + 34*n**2 - 96*n - 132. Calculate p(-1).
3
Let w(y) = -y**2 + 3324*y + 46682. Determine w(-14).
-50
Let j(n) = 12*n**2 + 4866*n - 39656. Calculate j(8).
40
Let o(r) = -146*r**2 - 356*r + 5304. Determine o(5).
-126
Let s(v) = -7626*v**2 + 15235*v + 13. Calculate s(2).
-21
Let k(q) = -381800*q**2 - 381783*q + 2. Calculate k(-1).
-15
Let a(b) = 14*b**2 + 88*b - 1037. What is a(6)?
-5
Let k(a) = 5*a**2 - 25*a - 408. Give k(-8).
112
Let m(n) = 19137*n + 1205627. What is m(-63)?
-4
Let z(n) = -4*n**3 + 642*n**2 + 318*n + 933. What is z(161)?
289
Let q(m) = m**2 + 738*m + 130986. Determine q(-296).
154
Let k(t) = -t**2 - 933*t + 51319. Give k(52).
99
Let m(q) = -332*q - 7957. Give m(-10).
-4637
Let f(d) = 364*d + 4355. What is f(-12)?
-13
Let t(x) = 4*x**2 + 78*x - 216. Give t(-31).
1210
Let h(i) = -i**3 + 242*i**2 + 820*i - 20895. Determine h(245).
-70
Let w(j) = 108*j + 31979. What is w(-297)?
-97
Let b(r) = -23*r**2 + 5275*r - 1268. Calculate b(229).
564
Let c(z) = -21*z**3 - 17*z**2 + 116*z - 15. What is c(3)?
-387
Let y(a) = 113*a**2 - 6758*a + 144. Determine y(60).
1464
Let r(k) = -2*k**2 - 9669*k - 58029. What is r(-6)?
-87
Let r(f) = -2*f**3 - 114*f**2 - 3*f - 156. Determine r(-57).
15
Let k(s) = -2*s**2 + 250*s - 3295. Calculate k(110).
5
Let j(m) = 3162*m + 18806. Determine j(-6).
-166
Let o(b) = 333*b + 46710. What is o(-141)?
-243
Let z(q) = 2*q**2 + 600*q - 6756. Calculate z(11).
86
Let w(z) = -536*z - 553. Determine w(0).
-553
Let z(k) = -2*k**3 + 45*k**2 + 86*k - 2478. Calculate z(22).
-102
Let d(r) = 13*r**2 + 430*r - 88. What is d(-35)?
787
Let y(h) = 53*h**2 - 2164*h - 9503. Give y(-4).
1
Let p(i) = -i**3 - 254*i**2 - 1409*i + 19601. Give p(-248).
9
Let q(v) = -v**2 - 3485*v - 751682. What is q(-231)?
-8
Let a(m) = m**3 + 800*m**2 + 7301*m + 1641. Give a(-9).
3
Let v(k) = k**2 + 15*k - 7276. Determine v(-90).
-526
Let l(o) = -2115*o + 6339. Determine l(3).
-6
Let m(q) = -q**3 - 53*q**2 + 2725*q + 64. What is m(-85)?
-361
Let n(y) = 4267*y - 17362. Calculate n(4).
-294
Let m(b) = 171*b**2 - 5658*b + 21. Give m(33).
-474
Let t(v) = -18*v**3 - 203*v**2 - 602*v - 395. What is t(-2)?
141
Let c(r) = -3771*r + 34464. Determine c(9).
525
Let b(m) = 55387*m - 775411. Calculate b(14).
7
Let i(j) = -j**3 + 24*j**2 - 43*j + 368. Calculate i(26).
-2102
Let z(n) = 118*n + 184. Calculate z(-2).
-52
Let j(f) = 4*f**3 + 9*f**2 - 181*f - 836. Give j(-4).
-224
Let q(v) = -64184*v - 256728. Determine q(-4).
8
Let v(o) = -2502*o - 35090. Give v(-14).
-62
Let c(z) = 1164761*z - 5823865. What is c(5)?
-60
Let u(z) = -2*z**2 + 11*z - 1455. Determine u(-48).
-6591
Let g(q) = q**2 - 11214*q + 890753. Determine g(80).
33
Let c(i) = -1030*i + 2058. Calculate c(2).
-2
Let q(r) = 940*r - 6737. Give q(8).
783
Let w(p) = -3*p**3 - 2*p**2 + 47*p + 200. What is w(-6)?
494
Let t(j) = 3*j**2 + 1015*j + 15585. Calculate t(-322).
-193
Let g(s) = s**3 - 3*s**2 - 977*s + 216. Calculate g(-30).
-174
Let q(w) = 7*w**2 - 1042*w - 3163. What is q(-3)?
26
Let u(z) = 28*z**3 + 535*z**2 + 69*z + 201. Give u(-19).
-27
Let p(l) = -l**3 - 76*l**2 + 128*l - 2023. What is p(-78)?
161
Let j(t) = 3*t**3 + 30*t**2 + 14*t - 74. Give j(-2).
-6
Let d(j) = -712*j - 7158. What is d(-11)?
674
Let g(s) = -68*s**2 - 275*s - 452. Calculate g(-3).
-239
Let x(g) = 2*g**3 - g**2 - 264*g - 367. Give x(-13).
-1498
Let y(s) = 3*s**3 + 4*s**2 + 12078*s + 12073. What is y(-1)?
-4
Let c(x) = 4*x**2 + 422*x + 4318. Calculate c(-10).
498
Let f(z) = 3*z**2 - 262*z - 2963. Determine f(-10).
-43
Let q(h) = 1223*h**2 + 7319*h - 69. What is q(-6)?
45
Let h(a) = a**2 + 63*a - 763. What is h(11)?
51
Let j(q) = 2*q**3 - 31*q**2 - 165*q + 2699. Give j(15).
-1
Let t(o) = -6*o**3 - 525*o**2 + 315*o + 4391. Give t(-88).
-97
Let h(l) = l**3 + 100*l**2 - 615*l - 73. Determine h(6).
53
Let x(q) = 9*q - 2583. Calculate x(85).
-1818
Let a(n) = 21311*n + 2301572. Calculate a(-108).
-16
Let g(y) = -10647*y - 106513. Give g(-10).
-43
Let m(o) = 87*o**2 - 6258*o - 599. Determine m(72).
-167
Let q(n) = 10*n**2 + 10982*n - 99650. Calculate q(9).
-2
Let p(n) = -22906*n - 641254. Determine p(-28).
114
Let b(t) = -2*t**3 + 255*t**2 + 168*t - 5123. What is b(128)?
-3
Let i(r) = 1051*r + 16815. Calculate i(-15).
1050
Let u(t) = -100389*t - 1505908. Determine u(-15).
-73
Let n(u) = -696*u + 18003. What is n(26)?
-93
Let k(d) = d**3 + 285*d**2 + 4310*d + 1654. Give k(-269).
40
Let i(u) = -u**2 - 8*u + 672. Calculate i(-36).
-336
Let f(c) = c**3 + c**2 - 76*c - 263. Determine f(11).
353
Let n(l) = -47527*l - 285159. Calculate n(-6).
3
Let z(y) = 6*y**2 - 2186*y - 17760. What is z(-8)?
112
Let u(o) = -154*o**3 - 6*o**2 - 634*o + 1903. What is u(3)?
-4211
Let l(i) = 248*i + 32953. Determine l(-125).
1953
Let c(m) = m**3 - 167*m**2 + 6420*m - 256. Determine c(60).
-256
Let m(p) = -27*p**2 - 16866*p + 5631. Give m(-625).
6
Let g(u) = -33*u**2 - 28*u - 442. Calculate g(-5).
-1127
Let w(i) = i**3 + 43*i**2 + 424*i + 23168. What is w(-45)?
38
Let t(u) = -2214*u + 64190. Determine t(29).
-16
Let g(q) = -7144*q + 357323. Determine g(50).
123
Let h(s) = -70575*s + 282302. Determine h(4).
2
Let u(f) = 6*f**2 + 137*f + 337. Give u(-20).
-3
Let q(x) = 44438*x + 622122. Give q(-14).
-10
Let r(s) = s**3 + 19*s**2 + 81*s - 81. What is r(-11)?
-4
Let i(d) = d**3 - 203*d**2 + 12*d - 2372. What is i(203)?
64
Let s(g) = g**3 + 559*g**2 - 3886*g - 220. Give s(7).
312
Let u(z) = 59765*z - 1135506. What is u(19)?
29
Let p(n) = 904*n - 2884. Calculate p(1).
-1980
Let j(o) = -1218*o + 17109. Determine j(14).
57
Let u(q) = -q**2 - 110*q + 1486. Give u(13).
-113
Let h(k) = 4*k**2 + 1817*k + 14590. Determine h(-8).
310
Let i(o) = -5*o**2 + 417*o - 968. What is i(81)?
4
Let u(s) = -s**3 - 452*s**2 - 16181*s - 2893. Calculate u(-39).
-7
Let w(d) = -d**3 - 28*d**2 + 405*d + 7791. Give w(-13).
-9
Let r(f) = -110*f + 892. Calculate r(8).
12
Let g(z) = -28*z**2 + 732*z - 1426. What is g(24)?
14
Let a(x) = -782*x**3 